{"id":74,"date":"2021-02-09T14:14:29","date_gmt":"2021-02-09T12:14:29","guid":{"rendered":"https:\/\/himoschalet.fi\/?page_id=74"},"modified":"2025-09-25T08:21:30","modified_gmt":"2025-09-25T06:21:30","slug":"varausehdot","status":"publish","type":"page","link":"https:\/\/himoschalet.fi\/?page_id=74","title":{"rendered":"Varausehdot"},"content":{"rendered":"\n<p>Noudatamme majoituspalveluiden varaamisessa ja peruuttamisessa seuraavia ehtoja. N\u00e4m\u00e4 ehdot tulevat kumpaakin osapuolta sitoviksi heti, kun asiakas on tehnyt majoitusvarauksen. <\/p>\n\n\n\n<p><strong>1. VARAAMINEN JA MAKSU <\/strong><\/p>\n\n\n\n<p>Emme tee alustavia varauksia. Varaus on sitova varaushetkest\u00e4 alkaen, riippumatta siit\u00e4 tehtiink\u00f6 varaus puhelimitse vai kirjallisena. Varaajan pit\u00e4\u00e4 olla t\u00e4ysi-ik\u00e4inen ja pyydett\u00e4ess\u00e4 todistettava henkil\u00f6llisyytens\u00e4. 100 % majoitusvarauksesta veloitetaan heti varauksen teon j\u00e4lkeen. Festivaali- ja tapahtumavarauksissa (*) veloitetaan varausmaksu 500\u20ac ja loput maksusta kolme kuukautta ennen majoituksen alkamista. Kaikkien majoitusvarausten hintaan sis\u00e4ltyy l\u00e4ht\u00f6siivous. Ulkoporealtaan voi varata erillist\u00e4 maksua vastaan. S\u00e4hk\u00f6auton lataus on mahdollista huvilan latausasemasta (11kW) erillist\u00e4 maksua vastaan. Lataaminen on rajoitettu 100 kWh\/vrk. Dynaaminen kuormanhallinta saattaa rajoittaa lataustehoa pienemm\u00e4ksi kuin 11 kW.<\/p>\n\n\n\n<p><strong>2. AVAIMEN LUOVUTUS, HUVILAN VARUSTEET JA SIIVOUS<\/strong> <\/p>\n\n\n\n<p>Majoituskohde on k\u00e4ytett\u00e4viss\u00e4 tulop\u00e4iv\u00e4n\u00e4 klo 16 j\u00e4lkeen (ruuhka-aikoina klo 18) ja se on luovutettava l\u00e4ht\u00f6p\u00e4iv\u00e4n\u00e4 klo 12 menness\u00e4. Avaimet noudetaan HimosLomien Himos Center -vastaanotosta, osoitteesta L\u00e4nsi-Himoksentie 4, 42100 J\u00e4ms\u00e4. Vastaanoton puh. 020 711 9210. Majoituskohteen avain luovutetaan vain varaajalle tai h\u00e4nen etuk\u00e4teen ilmoittamalleen t\u00e4ysi-ik\u00e4iselle henkil\u00f6lle vastaanoton aukioloaikoina. Henkil\u00f6llisyystodistus on esitett\u00e4v\u00e4 Himos Center &#8211; vastaanotossa avainta noudettaessa. Mik\u00e4li majoittuminen tapahtuu aukioloaikojen ulkopuolella, on siit\u00e4 ilmoitettava HimosLomille ja sovittava luovutus erikseen (aukioloajat: www.himoslomat.fi\/himoslomat\/info-tulijalle\/). Jos avain katoaa, asiakkaalta perit\u00e4\u00e4n lukon vaihtamisesta aiheutuneet kustannukset. Ovenavausmaksu veloitetaan asiakkaalta toteutuneiden kustannusten mukaisesti.<\/p>\n\n\n\n<p>Huvilassa on peitot ja tyynyt, mutta ei liinavaatteita (lakanoita ja pyyhkeit\u00e4). Liinavaatteet voi vuokrata HimosCenterist\u00e4 avaimen noudon yhteydess\u00e4. Makuupussien k\u00e4ytt\u00f6 on kielletty.  Jokaista varausta kohden on huvilalle toimitettu aloituspakkaus wc- ja talouspaperia sek\u00e4 astian- ja yleispesuaineita, jotta p\u00e4\u00e4sette sujuvasti loman alkuun. Mik\u00e4li tarvitsette loman aikana n\u00e4it\u00e4 lis\u00e4\u00e4, tulee tarvikkeet hankkia itse. Lomakohteen tarkempi varustetaso ilmenee m\u00f6kkikuvauksesta (www.himoschalet.fi). <\/p>\n\n\n\n<p>Vaikka l\u00e4ht\u00f6siivous onkin tilattu, edellyt\u00e4mme kohteen olevan normaalin asumisen j\u00e4ljilt\u00e4, eli huonekalut ja muut varusteet paikoillaan ja ehjin\u00e4, roskat vietyn\u00e4 j\u00e4tepisteeseen sek\u00e4 suurimmat tahrat ja likaj\u00e4ljet poistettuna. Likaiset astiat tulee olla laitettuna tiskikoneeseen ja tiskikone p\u00e4\u00e4lle. My\u00f6s lomakohteen piha-alueen tulee olla siisti. Siivouskaapissa tarkemmat ohjeet m\u00f6kilt\u00e4 poistumiseen. Alueelle ei saa tuoda siirrett\u00e4vi\u00e4 paljuja\/uima-altaita tms.<\/p>\n\n\n\n<p>Kohteeseen on asennettu tallentava turvakamera kuvaamaan sis\u00e4\u00e4nk\u00e4ynti\u00e4 ulkopuolelta. Tallennetta katsotaan vain mik\u00e4li ep\u00e4ill\u00e4\u00e4n rikosta.<\/p>\n\n\n\n<p><strong>3. HENKIL\u00d6M\u00c4\u00c4R\u00c4 <\/strong><\/p>\n\n\n\n<p>Majoituskohdetta ei saa k\u00e4ytt\u00e4\u00e4 useampi henkil\u00f6, kuin mit\u00e4 kohdetiedoissa on mainittu.  Lis\u00e4henkil\u00f6ist\u00e4 veloitetaan erillinen lis\u00e4henkil\u00f6maksu 50\u20ac\/hl\u00f6\/vrk.  Teltalla tai asuntovaunulla\/-autolla leiriytyminen loma-asunnon pihaan on kielletty.  S\u00e4\u00e4nt\u00f6jen vastaisesta leiriytymisest\u00e4 perit\u00e4\u00e4n 500\u20ac maksu. <\/p>\n\n\n\n<p>Ajoneuvojen lataaminen m\u00f6kin pistorasioista tai l\u00e4mmitystolpasta on kielletty. Luvattomasta lataamisesta veloitetaan 500\u20ac maksu sek\u00e4 mahdolliset s\u00e4hk\u00f6j\u00e4rjestelm\u00e4lle aiheutuneet huoltotoimenpiteet. Huvilalle on aennettu s\u00e4hk\u00f6auton latausasema (11kW), jonka saa k\u00e4ytt\u00f6\u00f6ns\u00e4 erillisell\u00e4 maksulla.<\/p>\n\n\n\n<p><strong>4. VAHINKOJEN KORVAUS JA L\u00d6YT\u00d6TAVARAT<\/strong> <\/p>\n\n\n\n<p>Varaaja on vastuussa majoituskohteesta ja sen irtaimistosta vuokrausaikana. Asiakas on velvollinen v\u00e4litt\u00f6m\u00e4sti ilmoittamaan kohteelle tai sen irtaimistolle aiheuttamistaan vahingoista ja korvaamaan ne omistajalle. Jos kohteessa on varaajan varauksen aikana rikottu tahallisesti kohteen irtaimistoa tai rakenteita, laskutamme asiakkaalta kohteen korjauslaskujen lis\u00e4ksi ilkivaltalis\u00e4n 500 \u20ac.<\/p>\n\n\n\n<p>Emme vastaa asiakkaan tavaroista, joita s\u00e4ilytet\u00e4\u00e4n majoitus- tai muissa tiloissa, tai jotka unohtuvat niihin. L\u00f6yt\u00f6tavarat toimitetaan Suomen l\u00f6yt\u00f6tavarapalveluun Jyv\u00e4skyl\u00e4\u00e4n, josta niit\u00e4 voi tiedustella puh. 0600 03393. <\/p>\n\n\n\n<p><strong>5. REKLAMAATIOT <\/strong><\/p>\n\n\n\n<p>Asiakkaan on teht\u00e4v\u00e4 v\u00e4litt\u00f6m\u00e4sti omistajalle huomautus mahdollisista palvelua tai majoituskohdetta koskevista puutteista tai vioista. T\u00e4ll\u00f6in ne voidaan mahdollisuuksien mukaan korjata tai hyvitt\u00e4\u00e4 jo majoituksen aikana.  Ulkoporealtaan h\u00e4iri\u00f6- tai vikatilanteissa asiakas on oikeutettu enint\u00e4\u00e4n ulkoporealtaan varausmaksun suuruiseen hyvitykseen.<\/p>\n\n\n\n<p>Huomautukset on teht\u00e4v\u00e4 puhelimitse omistajalle. Mik\u00e4li asiakas ei ole ollut vierailunsa aikana yhteydess\u00e4 ep\u00e4kohdista omistajaan, h\u00e4n menett\u00e4\u00e4 oikeutensa mahdollisiin hyvityksiin. Mik\u00e4li huomautettavaan palveluun tai kohteeseen ei voida tarjota tyydytt\u00e4v\u00e4\u00e4 ratkaisua vierailun aikana, voi asiakas l\u00e4hett\u00e4\u00e4 kirjallisen huomautuksen omistajalle viikon kuluessa vierailun p\u00e4\u00e4ttymisest\u00e4 s\u00e4hk\u00f6postilla osoitteeseen myynti@himoschalet.fi. <\/p>\n\n\n\n<p><strong>6. TUPAKOINTI JA LEMMIKIT <\/strong><\/p>\n\n\n\n<p>Tupakointi on kielletty majoituskohteen sis\u00e4tiloissa. Tupakoinnista sis\u00e4tiloissa veloitetaan 500 \u20ac lis\u00e4maksu. Kohteeseen ei saa tuoda lemmikki\u00e4. Luvatta tuoduista lemmikeist\u00e4 perit\u00e4\u00e4n 500 \u20ac lis\u00e4maksu. Emme vastaa luvattoman tupakoinnin tai el\u00e4inp\u00f6lyn asiakkaalle aiheuttamista allergioista tms. ongelmista. <\/p>\n\n\n\n<p><strong>7. PERUUTUS <\/strong><\/p>\n\n\n\n<p>Peruutuksesta on aina ilmoitettava omistajalle kirjallisesti osoitteeseen myynti@himoschalet.fi ja peruutus katsotaan tapahtuneeksi sill\u00e4 hetkell\u00e4, jolloin tieto peruutuksesta on tullut huoneiston omistajalle. Laskun maksamatta j\u00e4tt\u00e4minen ei ole peruutus! <\/p>\n\n\n\n<p>Muut peruutusehdot:<\/p>\n\n\n\n<ul class=\"wp-block-list\">\n<li>Peruutus 29 p\u00e4iv\u00e4\u00e4 ennen vuokra-ajan alkamista: asiakkaalle palautetaan maksettu vuokra v\u00e4hennettyn\u00e4 peruutusmaksulla (100 \u20ac). <\/li>\n<\/ul>\n\n\n\n<ul class=\"wp-block-list\">\n<li>Peruutus 21-28 p\u00e4iv\u00e4\u00e4 ennen vuokra-ajan alkamista: asiakkaalta veloitetaan 50 % maksetusta vuokrasta. <\/li>\n<\/ul>\n\n\n\n<ul class=\"wp-block-list\">\n<li>Peruutus 0-20 p\u00e4iv\u00e4\u00e4 ennen vuokra-ajan alkamista: asiakkaalta veloitetaan koko maksettu vuokra. <\/li>\n<\/ul>\n\n\n\n<ul class=\"wp-block-list\">\n<li>Omistajalla on oikeus perua varaus, mik\u00e4li kyseess\u00e4 on ylivoimainen este (force majeure) tai omistajasta riippumaton este esim. palo- tai vesivahinko. T\u00e4ll\u00f6in asiakkaalla on oikeus saada maksamansa vuokra kokonaisuudessaan takaisin. <\/li>\n<\/ul>\n\n\n\n<ul class=\"wp-block-list\">\n<li>Mik\u00e4li varausta koskevaa suoritusta ei makseta 3 arkip\u00e4iv\u00e4n kuluessa varauksen teosta, on omistajalla oikeus perua varaus. <\/li>\n<\/ul>\n\n\n\n<div class=\"wp-block-group\"><div class=\"wp-block-group__inner-container is-layout-flow wp-block-group-is-layout-flow\">\n<p>Festivaali- ja tapahtumamajoituksen (*) peruutusehdot:<\/p>\n\n\n\n<ul class=\"wp-block-list\">\n<li>Peruutus 60 p\u00e4iv\u00e4\u00e4 ennen vuokra-ajan alkamista: asiakkaalle palautetaan maksettu vuokra v\u00e4hennettyn\u00e4 peruutusmaksulla (500\u20ac)<\/li>\n<\/ul>\n\n\n\n<ul class=\"wp-block-list\">\n<li>Peruutus 31-59 p\u00e4iv\u00e4\u00e4 ennen vuokra-ajan alkamista: asiakkaalta veloitetaan 50% maksetusta vuokrasta.<\/li>\n<\/ul>\n\n\n\n<ul class=\"wp-block-list\">\n<li>Peruutus 0-30 p\u00e4iv\u00e4\u00e4 ennen vuokra-ajan alkamista: asiakkaalta veloitetaan koko maksettu vuokra.<\/li>\n<\/ul>\n<\/div><\/div>\n\n\n\n<p>Alueella on hiljaisuus klo 23 \u2013 07. Mik\u00e4li majoittujat aiheuttavat kohtuutonta h\u00e4iri\u00f6t\u00e4, eiv\u00e4tk\u00e4 vartijan\/poliisin huomautuksesta huolimatta hiljenny, voidaan varaus perua. T\u00e4ll\u00f6in majoittujat joutuvat luovuttamaan huvilan v\u00e4litt\u00f6m\u00e4sti, eik\u00e4 maksettuja maksuja palauteta. Varaamme my\u00f6s oikeuden peri\u00e4 n\u00e4iss\u00e4 tapauksissa varauksen tehneelt\u00e4 ja h\u00e4iri\u00f6t\u00e4 aiheuttaneelta majoittujalta 500 euron suuruisen maksun.  Alueen h\u00e4iri\u00f6t tulee ilmoittaa suoraan poliisille, h\u00e4t\u00e4numero 112. <\/p>\n\n\n\n<p>Yll\u00e4tt\u00e4v\u00e4n sairauden tai tapaturman varalle suosittelemme ottamaan vakuutuksen. Muutokset s\u00e4\u00e4tilassa, rinne- tai reittim\u00e4\u00e4riss\u00e4, festivaalien tai tapahtumien j\u00e4rjestelyiss\u00e4 tms. syyt eiv\u00e4t muuta peruutusehtoja. Emme ole velvollisia korvaamaan asiakkaalle mahdollisesti aiheutuvaa haittaa naapuritontin rakennust\u00f6iden aiheuttamista h\u00e4iri\u00f6ist\u00e4 eik\u00e4 omistajan majoituskohteeseen tekemist\u00e4 varustelu- tai muista muutoksista.<\/p>\n\n\n\n<p>(*)  uusi vuosi, juhannus, Iskelm\u00e4festarit, Jys\u00e4ri, Rally Finland, Himos Metal Festival, Pop Park, Oktoberfest, FinnMetko <\/p>\n\n\n\n<p><strong> Tervetuloa viihtym\u00e4\u00e4n Himokselle!<\/strong><\/p>\n","protected":false},"excerpt":{"rendered":"<p>Noudatamme majoituspalveluiden varaamisessa ja peruuttamisessa seuraavia ehtoja. N\u00e4m\u00e4 ehdot tulevat kumpaakin osapuolta sitoviksi heti, kun asiakas on tehnyt majoitusvarauksen. 1. VARAAMINEN JA MAKSU Emme tee alustavia varauksia. Varaus on sitova varaushetkest\u00e4 alkaen, riippumatta siit\u00e4 tehtiink\u00f6 varaus puhelimitse vai kirjallisena. Varaajan pit\u00e4\u00e4 olla t\u00e4ysi-ik\u00e4inen ja pyydett\u00e4ess\u00e4 todistettava henkil\u00f6llisyytens\u00e4. 100 % majoitusvarauksesta veloitetaan heti varauksen teon j\u00e4lkeen. &#8230; <a title=\"Varausehdot\" class=\"read-more\" href=\"https:\/\/himoschalet.fi\/?page_id=74\" aria-label=\"Lue lis\u00e4\u00e4 aiheesta Varausehdot\">Lue lis\u00e4\u00e4<\/a><\/p>\n","protected":false},"author":1,"featured_media":0,"parent":0,"menu_order":0,"comment_status":"closed","ping_status":"closed","template":"","meta":{"_monsterinsights_skip_tracking":false,"_monsterinsights_sitenote_active":false,"_monsterinsights_sitenote_note":"","_monsterinsights_sitenote_category":0,"_glsr_average":0,"_glsr_ranking":0,"_glsr_reviews":0,"two_page_speed":[],"footnotes":""},"class_list":["post-74","page","type-page","status-publish"],"aioseo_notices":[],"_links":{"self":[{"href":"https:\/\/himoschalet.fi\/index.php?rest_route=\/wp\/v2\/pages\/74","targetHints":{"allow":["GET"]}}],"collection":[{"href":"https:\/\/himoschalet.fi\/index.php?rest_route=\/wp\/v2\/pages"}],"about":[{"href":"https:\/\/himoschalet.fi\/index.php?rest_route=\/wp\/v2\/types\/page"}],"author":[{"embeddable":true,"href":"https:\/\/himoschalet.fi\/index.php?rest_route=\/wp\/v2\/users\/1"}],"replies":[{"embeddable":true,"href":"https:\/\/himoschalet.fi\/index.php?rest_route=%2Fwp%2Fv2%2Fcomments&post=74"}],"version-history":[{"count":24,"href":"https:\/\/himoschalet.fi\/index.php?rest_route=\/wp\/v2\/pages\/74\/revisions"}],"predecessor-version":[{"id":902,"href":"https:\/\/himoschalet.fi\/index.php?rest_route=\/wp\/v2\/pages\/74\/revisions\/902"}],"wp:attachment":[{"href":"https:\/\/himoschalet.fi\/index.php?rest_route=%2Fwp%2Fv2%2Fmedia&parent=74"}],"curies":[{"name":"wp","href":"https:\/\/api.w.org\/{rel}","templated":true}]}}