{"id":80,"date":"2021-02-10T18:14:43","date_gmt":"2021-02-10T16:14:43","guid":{"rendered":"https:\/\/himoschalet.fi\/?page_id=80"},"modified":"2021-02-10T18:14:44","modified_gmt":"2021-02-10T16:14:44","slug":"annetut-arviot","status":"publish","type":"page","link":"https:\/\/himoschalet.fi\/?page_id=80","title":{"rendered":"Annetut arviot"},"content":{"rendered":"\n<div class=\"shortcode-site-reviews\"><div class=\"full-width glsr glsr-default my-reviews\" id=\"glsr_brwsyqri\" data-from=\"shortcode\" data-shortcode=\"site_reviews\"><div class=\"glsr-reviews-wrap\">\n    <div class=\"glsr-reviews\">\n        <div class=\"glsr-review\" data-id=\"570\" data-type=\"local\" id=\"review-570\" data-assigned='{\"assigned_posts\":[93]}'>\n    <div class=\"glsr-review-title\"><h4 class=\"glsr-tag-value\">Hiihtolomareissu Himokselle<\/h4><\/div>\n    <div class=\"glsr-review-rating\"><div class=\"glsr-star-rating glsr-stars\" role=\"img\" aria-label=\"Rated 4 out of 5 stars\" data-rating=\"4\" data-reviews=\"0\"><span class=\"glsr-star glsr-star-full\" aria-hidden=\"true\"><\/span><span class=\"glsr-star glsr-star-full\" aria-hidden=\"true\"><\/span><span class=\"glsr-star glsr-star-full\" aria-hidden=\"true\"><\/span><span class=\"glsr-star glsr-star-full\" aria-hidden=\"true\"><\/span><span class=\"glsr-star glsr-star-empty\" aria-hidden=\"true\"><\/span><\/div><\/div> <div class=\"glsr-review-date\"><span class=\"glsr-tag-value\">4.3.2023<\/span><\/div>\n    \n    <div class=\"glsr-review-content\"><div class=\"glsr-tag-value\" data-expanded=\"false\"><p class=\"glsr-hidden-text\" data-show-less=\"Show less\" data-show-more=\"Show more\" data-trigger=\"expand\">Tilava ja hyvin varusteltu m\u00f6kki. Alakerrassa kolme makuuhuonetta, olohuone\/keitti\u00f6\/ruokailutila. Makuuhuoneiden yll\u00e4 tilava parvi jossa kokoontaitettava ty\u00f6taso, n\u00e4ytt\u00f6, tv, pleikka 3, 4 patjaa. 2xwc. M\u00f6kki oli viihtyis\u00e4sti sisustettu. Lyhyt matka L\u00e4nsi-rinteille. Tien yli k\u00e4velem\u00e4ll\u00e4 p\u00e4\u00e4see jalankin rinteille. Meit\u00e4 oli 2 aikuista, 2 pient\u00e4 lasta ja teini+tytt\u00f6yst\u00e4v\u00e4. Teinit viihtyiv\u00e4t hyvin omassa rauhassaan parvella<span class=\"glsr-hidden\">, johon meni portaat. Portaiden alap\u00e4\u00e4ss\u00e4 oli irrotettava lapsiportti. Takapihalla oli iso terassi, jossa oli iso palju. Emme k\u00e4ytt\u00e4neet sit\u00e4. Sopii hyvin perheille tai vaikka bileporukalle. M\u00f6kiss\u00e4 oli JBLn partybox, maksuton internet-yhteys,s\u00e4hk\u00f6toiminen tynnyri juomien viilent\u00e4miseen, kaksi suihkua ja kuivauskaappi. Pesukonetta ei ollut.<\/span><\/p>\n<p class=\"glsr-hidden\">Plussat:<\/p>\n<p class=\"glsr-hidden\">-tilava ja monta makkaria<\/p>\n<p class=\"glsr-hidden\">-2 suihkua, 2wct\u00e4<\/p>\n<p class=\"glsr-hidden\">-takka (Contura l\u00e4mpeni nopeasti)<\/p>\n<p class=\"glsr-hidden\">-astioita ja ruuanlaittov\u00e4li\u00e4neit\u00e4 runsaasti<\/p>\n<p class=\"glsr-hidden\">-pakastin<\/p>\n<p class=\"glsr-hidden\">-kuivauskaappi<\/p>\n<p class=\"glsr-hidden\">-lukittava ulkovarasto<\/p>\n<p class=\"glsr-hidden\">-autolle l\u00e4mmitystolppa<\/p>\n<p class=\"glsr-hidden\">-lyhyt et\u00e4isyys hiihtokeskukseen<\/p>\n<p class=\"glsr-hidden\">-uudehkot kodinkoneet<\/p>\n<p class=\"glsr-hidden\">-polttopuita runsaasti k\u00e4ytett\u00e4viss\u00e4<\/p>\n<p class=\"glsr-hidden\">Miinukset:<\/p>\n<p class=\"glsr-hidden\">-Vain yksi avain (voi olla ongelma isolla aikuisporukalla, kun tuotti meillekin v\u00e4lill\u00e4 hankaluuksia)<\/p>\n<p class=\"glsr-hidden\">-tullessa lattial\u00e4mmitys oli tosi pienell\u00e4. Ekana aamuna her\u00e4tess\u00e4 l\u00e4mp\u00f6tila oli 16C. Ilmeisesti omistaja s\u00e4\u00e4sti s\u00e4hk\u00f6\u00e4. Takan l\u00e4mp\u00f6 ei riitt\u00e4nyt kuin pari tuntia. M\u00f6kiss\u00e4 oli ilmal\u00e4mp\u00f6pumppu, mutta kesti pari p\u00e4iv\u00e4\u00e4 ennen kuin sen logiikasta p\u00e4\u00e4si perille. Ei ollut k\u00e4ytt\u00f6ohjetta.<\/p>\n<p class=\"glsr-hidden\">-kes\u00e4aikaan vieress\u00e4 kulkevalta tielt\u00e4 voi kantautua autojen \u00e4\u00e4net. Lumiseen aikaan ei h\u00e4iritse<\/p>\n<p class=\"glsr-hidden\">-Ei pesukonetta ( meill\u00e4 ei tosin ollut tarvekaan kun 4 y\u00f6t\u00e4 olimme)<\/p>\n<p class=\"glsr-hidden\">-sohvan sivusta kuumeni todella paljon takkaa l\u00e4mmitett\u00e4ess\u00e4. Ilmeisesti liian leve\u00e4. Siirsimme sen irti sein\u00e4st\u00e4 kauemmas takasta.<\/p>\n<p class=\"glsr-hidden\">&#8211; my\u00f6s takkaa l\u00e4hinn\u00e4 ollut ruokap\u00f6yd\u00e4n tuoli kuumeni<\/p>\n<p class=\"glsr-hidden\">-wc-p\u00f6ntt\u00f6 j\u00e4i lorisemaan jos painiketta ei huomannut palauttaa keskelle. T\u00e4st\u00e4 tehtiin huoltopyynt\u00f6<\/p>\n<p class=\"glsr-hidden\">Hintaa pidimme melko kalliina, mutta varaus tehtiin melko viime tipassa, joten vaihtoehdot olivat jo v\u00e4hiss\u00e4. Menisimme uudestaankin.<\/p><\/div><\/div>\n    \n    <div class=\"glsr-review-author\"><span class=\"glsr-tag-value\">Klaus<\/span><\/div>  \n    \n<\/div>\n<div class=\"glsr-review\" data-id=\"344\" data-type=\"local\" id=\"review-344\" data-assigned='{\"assigned_posts\":[93]}'>\n    <div class=\"glsr-review-title\"><h4 class=\"glsr-tag-value\">Palautetta<\/h4><\/div>\n    <div class=\"glsr-review-rating\"><div class=\"glsr-star-rating glsr-stars\" role=\"img\" aria-label=\"Rated 4 out of 5 stars\" data-rating=\"4\" data-reviews=\"0\"><span class=\"glsr-star glsr-star-full\" aria-hidden=\"true\"><\/span><span class=\"glsr-star glsr-star-full\" aria-hidden=\"true\"><\/span><span class=\"glsr-star glsr-star-full\" aria-hidden=\"true\"><\/span><span class=\"glsr-star glsr-star-full\" aria-hidden=\"true\"><\/span><span class=\"glsr-star glsr-star-empty\" aria-hidden=\"true\"><\/span><\/div><\/div> <div class=\"glsr-review-date\"><span class=\"glsr-tag-value\">15.1.2022<\/span><\/div>\n    \n    <div class=\"glsr-review-content\"><div class=\"glsr-tag-value\" data-expanded=\"false\"><p>Lomamme Chaletissa oli onnistunut, kiitos.:) Hyv\u00e4t puitteet rentoutua ja poreamme oli piste i:n p\u00e4\u00e4lle laskup\u00e4iv\u00e4n p\u00e4\u00e4tteeksi. Lumity\u00f6t oli j\u00e4\u00e4neet pihalla hieman vaiheeseen.:(<\/p><\/div><\/div>\n    \n    <div class=\"glsr-review-author\"><span class=\"glsr-tag-value\">Taiga & CO.<\/span><\/div>  \n    \n<\/div>\n<div class=\"glsr-review\" data-id=\"204\" data-type=\"local\" id=\"review-204\" data-assigned='{\"assigned_posts\":[93]}'>\n    <div class=\"glsr-review-title\"><h4 class=\"glsr-tag-value\">Kiitos<\/h4><\/div>\n    <div class=\"glsr-review-rating\"><div class=\"glsr-star-rating glsr-stars\" role=\"img\" aria-label=\"Rated 4 out of 5 stars\" data-rating=\"4\" data-reviews=\"0\"><span class=\"glsr-star glsr-star-full\" aria-hidden=\"true\"><\/span><span class=\"glsr-star glsr-star-full\" aria-hidden=\"true\"><\/span><span class=\"glsr-star glsr-star-full\" aria-hidden=\"true\"><\/span><span class=\"glsr-star glsr-star-full\" aria-hidden=\"true\"><\/span><span class=\"glsr-star glsr-star-empty\" aria-hidden=\"true\"><\/span><\/div><\/div> <div class=\"glsr-review-date\"><span class=\"glsr-tag-value\">2.5.2021<\/span><\/div>\n    \n    <div class=\"glsr-review-content\"><div class=\"glsr-tag-value\" data-expanded=\"false\"><p>M\u00f6kki vastasi esitteiss\u00e4 olevaa ja oli hyvin varusteltu. K\u00e4yt\u00e4nn\u00f6n j\u00e4rjestelyt toimivat hyvin.<\/p><\/div><\/div>\n    \n    <div class=\"glsr-review-author\"><span class=\"glsr-tag-value\">Me<\/span><\/div>  \n    \n<\/div>\n<div class=\"glsr-review\" data-id=\"197\" data-type=\"local\" id=\"review-197\" data-assigned='{\"assigned_posts\":[93]}'>\n    <div class=\"glsr-review-title\"><h4 class=\"glsr-tag-value\">Kiitos<\/h4><\/div>\n    <div class=\"glsr-review-rating\"><div class=\"glsr-star-rating glsr-stars\" role=\"img\" aria-label=\"Rated 5 out of 5 stars\" data-rating=\"5\" data-reviews=\"0\"><span class=\"glsr-star glsr-star-full\" aria-hidden=\"true\"><\/span><span class=\"glsr-star glsr-star-full\" aria-hidden=\"true\"><\/span><span class=\"glsr-star glsr-star-full\" aria-hidden=\"true\"><\/span><span class=\"glsr-star glsr-star-full\" aria-hidden=\"true\"><\/span><span class=\"glsr-star glsr-star-full\" aria-hidden=\"true\"><\/span><\/div><\/div> <div class=\"glsr-review-date\"><span class=\"glsr-tag-value\">6.4.2021<\/span><\/div>\n    \n    <div class=\"glsr-review-content\"><div class=\"glsr-tag-value\" data-expanded=\"false\"><p>M\u00f6kki oli sopiva kahdelle perheelle. Tosi siisti m\u00f6kki ja kaikki toimi hyvin. Tullaan mielell\u00e4\u00e4n toistekin!<\/p><\/div><\/div>\n    \n    <div class=\"glsr-review-author\"><span class=\"glsr-tag-value\">Tero<\/span><\/div>  \n    \n<\/div>\n<div class=\"glsr-review\" data-id=\"163\" data-type=\"local\" id=\"review-163\" data-assigned='{\"assigned_posts\":[93]}'>\n    <div class=\"glsr-review-title\"><h4 class=\"glsr-tag-value\">Kiitos<\/h4><\/div>\n    <div class=\"glsr-review-rating\"><div class=\"glsr-star-rating glsr-stars\" role=\"img\" aria-label=\"Rated 4 out of 5 stars\" data-rating=\"4\" data-reviews=\"0\"><span class=\"glsr-star glsr-star-full\" aria-hidden=\"true\"><\/span><span class=\"glsr-star glsr-star-full\" aria-hidden=\"true\"><\/span><span class=\"glsr-star glsr-star-full\" aria-hidden=\"true\"><\/span><span class=\"glsr-star glsr-star-full\" aria-hidden=\"true\"><\/span><span class=\"glsr-star glsr-star-empty\" aria-hidden=\"true\"><\/span><\/div><\/div> <div class=\"glsr-review-date\"><span class=\"glsr-tag-value\">26.2.2021<\/span><\/div>\n    \n    <div class=\"glsr-review-content\"><div class=\"glsr-tag-value\" data-expanded=\"false\"><p>Kiitos mukavasta majoituksesta! M\u00f6kki oli tosi siisti ja viihtyis\u00e4 ja sijainti erinomainen.<\/p><\/div><\/div>\n    \n    <div class=\"glsr-review-author\"><span class=\"glsr-tag-value\">Jaana K<\/span><\/div>  \n    \n<\/div>\n    <\/div>\n    \n<\/div><\/div><\/div>\n","protected":false},"excerpt":{"rendered":"","protected":false},"author":1,"featured_media":0,"parent":0,"menu_order":0,"comment_status":"closed","ping_status":"closed","template":"","meta":{"_monsterinsights_skip_tracking":false,"_monsterinsights_sitenote_active":false,"_monsterinsights_sitenote_note":"","_monsterinsights_sitenote_category":0,"_glsr_average":0,"_glsr_ranking":0,"_glsr_reviews":0,"two_page_speed":[],"footnotes":""},"class_list":["post-80","page","type-page","status-publish"],"aioseo_notices":[],"_links":{"self":[{"href":"https:\/\/himoschalet.fi\/index.php?rest_route=\/wp\/v2\/pages\/80","targetHints":{"allow":["GET"]}}],"collection":[{"href":"https:\/\/himoschalet.fi\/index.php?rest_route=\/wp\/v2\/pages"}],"about":[{"href":"https:\/\/himoschalet.fi\/index.php?rest_route=\/wp\/v2\/types\/page"}],"author":[{"embeddable":true,"href":"https:\/\/himoschalet.fi\/index.php?rest_route=\/wp\/v2\/users\/1"}],"replies":[{"embeddable":true,"href":"https:\/\/himoschalet.fi\/index.php?rest_route=%2Fwp%2Fv2%2Fcomments&post=80"}],"version-history":[{"count":12,"href":"https:\/\/himoschalet.fi\/index.php?rest_route=\/wp\/v2\/pages\/80\/revisions"}],"predecessor-version":[{"id":96,"href":"https:\/\/himoschalet.fi\/index.php?rest_route=\/wp\/v2\/pages\/80\/revisions\/96"}],"wp:attachment":[{"href":"https:\/\/himoschalet.fi\/index.php?rest_route=%2Fwp%2Fv2%2Fmedia&parent=80"}],"curies":[{"name":"wp","href":"https:\/\/api.w.org\/{rel}","templated":true}]}}